{"id":15,"date":"2018-10-04T07:26:23","date_gmt":"2018-10-04T07:26:23","guid":{"rendered":"http:\/\/sandbox.31507.dcpserver.de\/?page_id=15"},"modified":"2026-04-14T08:41:24","modified_gmt":"2026-04-14T08:41:24","slug":"contact","status":"publish","type":"page","link":"https:\/\/alsterconcept.de\/metropolen-dialog\/?page_id=15","title":{"rendered":"Kontakt"},"content":{"rendered":"\t\t<div data-elementor-type=\"wp-post\" data-elementor-id=\"15\" class=\"elementor elementor-15\">\n\t\t\t\t\t\t<section class=\"elementor-section elementor-top-section elementor-element elementor-element-2b3bca81 elementor-section-height-min-height elementor-section-boxed elementor-section-height-default elementor-section-items-middle\" data-id=\"2b3bca81\" data-element_type=\"section\" data-settings=\"{&quot;background_background&quot;:&quot;classic&quot;}\">\n\t\t\t\t\t\t\t<div class=\"elementor-background-overlay\"><\/div>\n\t\t\t\t\t\t\t<div class=\"elementor-container elementor-column-gap-no\">\n\t\t\t\t\t<div class=\"elementor-column elementor-col-100 elementor-top-column elementor-element elementor-element-78e860c0\" data-id=\"78e860c0\" data-element_type=\"column\">\n\t\t\t<div class=\"elementor-widget-wrap elementor-element-populated\">\n\t\t\t\t\t\t<div class=\"elementor-element elementor-element-70906615 elementor-widget elementor-widget-heading\" data-id=\"70906615\" data-element_type=\"widget\" data-widget_type=\"heading.default\">\n\t\t\t\t<div class=\"elementor-widget-container\">\n\t\t\t\t\t<h6 class=\"elementor-heading-title elementor-size-default\">---<\/h6>\t\t\t\t<\/div>\n\t\t\t\t<\/div>\n\t\t\t\t<div class=\"elementor-element elementor-element-5b5b6c79 elementor-widget elementor-widget-heading\" data-id=\"5b5b6c79\" data-element_type=\"widget\" data-widget_type=\"heading.default\">\n\t\t\t\t<div class=\"elementor-widget-container\">\n\t\t\t\t\t<h1 class=\"elementor-heading-title elementor-size-default\">Kontakt<\/h1>\t\t\t\t<\/div>\n\t\t\t\t<\/div>\n\t\t\t\t<div class=\"elementor-element elementor-element-3d4c6266 elementor-widget elementor-widget-heading\" data-id=\"3d4c6266\" data-element_type=\"widget\" data-widget_type=\"heading.default\">\n\t\t\t\t<div class=\"elementor-widget-container\">\n\t\t\t\t\t<h3 class=\"elementor-heading-title elementor-size-default\">Werden Sie Teil des Metropolen Dialogs <\/h3>\t\t\t\t<\/div>\n\t\t\t\t<\/div>\n\t\t\t\t<div class=\"elementor-element elementor-element-196b682b elementor-widget-divider--view-line elementor-widget elementor-widget-divider\" data-id=\"196b682b\" data-element_type=\"widget\" data-widget_type=\"divider.default\">\n\t\t\t\t<div class=\"elementor-widget-container\">\n\t\t\t\t\t\t\t<div class=\"elementor-divider\">\n\t\t\t<span class=\"elementor-divider-separator\">\n\t\t\t\t\t\t<\/span>\n\t\t<\/div>\n\t\t\t\t\t\t<\/div>\n\t\t\t\t<\/div>\n\t\t\t\t\t<\/div>\n\t\t<\/div>\n\t\t\t\t\t<\/div>\n\t\t<\/section>\n\t\t\t\t<section class=\"elementor-section elementor-top-section elementor-element elementor-element-63e3f39b elementor-section-boxed elementor-section-height-default elementor-section-height-default\" data-id=\"63e3f39b\" data-element_type=\"section\">\n\t\t\t\t\t\t<div class=\"elementor-container elementor-column-gap-no\">\n\t\t\t\t\t<div class=\"elementor-column elementor-col-50 elementor-top-column elementor-element elementor-element-f18ad9a\" data-id=\"f18ad9a\" data-element_type=\"column\">\n\t\t\t<div class=\"elementor-widget-wrap elementor-element-populated\">\n\t\t\t\t\t\t<div class=\"elementor-element elementor-element-3aaa8ba7 elementor-widget elementor-widget-heading\" data-id=\"3aaa8ba7\" data-element_type=\"widget\" data-widget_type=\"heading.default\">\n\t\t\t\t<div class=\"elementor-widget-container\">\n\t\t\t\t\t<h2 class=\"elementor-heading-title elementor-size-default\">Nehmen Sie Kontakt auf.<\/h2>\t\t\t\t<\/div>\n\t\t\t\t<\/div>\n\t\t\t\t<div class=\"elementor-element elementor-element-3cd713d3 elementor-widget__width-initial elementor-widget elementor-widget-text-editor\" data-id=\"3cd713d3\" data-element_type=\"widget\" data-widget_type=\"text-editor.default\">\n\t\t\t\t<div class=\"elementor-widget-container\">\n\t\t\t\t\t\t\t\t\t<p>Ich freue mich von Ihnen zu h\u00f6ren.<\/p><p>Rainer M\u00f6ller<br \/>ALSTERCONCEPT<br \/>Eichelh\u00e4herkamp 54<br \/>22397 Hamburg<\/p><p>Telefon: +49 (0) 40 870 85<br \/>E-Mail: info@alsterconcept.de<\/p>\t\t\t\t\t\t\t\t<\/div>\n\t\t\t\t<\/div>\n\t\t\t\t\t<\/div>\n\t\t<\/div>\n\t\t\t\t<div class=\"elementor-column elementor-col-50 elementor-top-column elementor-element elementor-element-238b530b\" data-id=\"238b530b\" data-element_type=\"column\">\n\t\t\t<div class=\"elementor-widget-wrap elementor-element-populated\">\n\t\t\t\t\t\t<div class=\"elementor-element elementor-element-647a20a8 elementor-widget elementor-widget-shortcode\" data-id=\"647a20a8\" data-element_type=\"widget\" data-widget_type=\"shortcode.default\">\n\t\t\t\t<div class=\"elementor-widget-container\">\n\t\t\t\t\t\t\t<div class=\"elementor-shortcode\"><div class=\"wpforms-container \" id=\"wpforms-434\"><form id=\"wpforms-form-434\" class=\"wpforms-validate wpforms-form\" data-formid=\"434\" method=\"post\" enctype=\"multipart\/form-data\" action=\"\/metropolen-dialog\/index.php?rest_route=%2Fwp%2Fv2%2Fpages%2F15\" data-token=\"3fd3766ae7469f30513f64ac7a2bc6bc\" data-token-time=\"1776560466\"><noscript class=\"wpforms-error-noscript\">Bitte aktiviere JavaScript in deinem Browser, um dieses Formular fertigzustellen.<\/noscript><div class=\"wpforms-field-container\"><div id=\"wpforms-434-field_0-container\" class=\"wpforms-field wpforms-field-name\" data-field-id=\"0\"><label class=\"wpforms-field-label wpforms-label-hide\" for=\"wpforms-434-field_0\">Name <span class=\"wpforms-required-label\">*<\/span><\/label><input type=\"text\" id=\"wpforms-434-field_0\" class=\"wpforms-field-large wpforms-field-required\" name=\"wpforms[fields][0]\" placeholder=\"Name\" required><\/div><div id=\"wpforms-434-field_1-container\" class=\"wpforms-field wpforms-field-email\" data-field-id=\"1\"><label class=\"wpforms-field-label wpforms-label-hide\" for=\"wpforms-434-field_1\">Email <span class=\"wpforms-required-label\">*<\/span><\/label><input type=\"email\" id=\"wpforms-434-field_1\" class=\"wpforms-field-large wpforms-field-required\" name=\"wpforms[fields][1]\" placeholder=\"Email\" spellcheck=\"false\" required><\/div><div id=\"wpforms-434-field_5-container\" class=\"wpforms-field wpforms-field-number\" data-field-id=\"5\"><label class=\"wpforms-field-label wpforms-label-hide\" for=\"wpforms-434-field_5\">Telefon <span class=\"wpforms-required-label\">*<\/span><\/label><input type=\"number\" id=\"wpforms-434-field_5\" class=\"wpforms-field-large wpforms-field-required\" name=\"wpforms[fields][5]\" placeholder=\"Telefonnummer\" step=\"any\" required><\/div><div id=\"wpforms-434-field_4-container\" class=\"wpforms-field wpforms-field-text\" data-field-id=\"4\"><label class=\"wpforms-field-label wpforms-label-hide\" for=\"wpforms-434-field_4\">Betreff <span class=\"wpforms-required-label\">*<\/span><\/label><input type=\"text\" id=\"wpforms-434-field_4\" class=\"wpforms-field-large wpforms-field-required\" name=\"wpforms[fields][4]\" placeholder=\"Betreff\" required><\/div><div id=\"wpforms-434-field_2-container\" class=\"wpforms-field wpforms-field-textarea\" data-field-id=\"2\"><label class=\"wpforms-field-label wpforms-label-hide\" for=\"wpforms-434-field_2\">Nachricht\/ Terminanfrage <span class=\"wpforms-required-label\">*<\/span><\/label><textarea id=\"wpforms-434-field_2\" class=\"wpforms-field-large wpforms-field-required\" name=\"wpforms[fields][2]\" placeholder=\"Nachricht\" required><\/textarea><\/div><div id=\"wpforms-434-field_6-container\" class=\"wpforms-field wpforms-field-checkbox\" data-field-id=\"6\"><label class=\"wpforms-field-label\">_______________________ <span class=\"wpforms-required-label\">*<\/span><\/label><ul id=\"wpforms-434-field_6\" class=\"wpforms-field-required\"><li class=\"choice-1 depth-1\"><input type=\"checkbox\" id=\"wpforms-434-field_6_1\" name=\"wpforms[fields][6][]\" value=\"Ich stimme der &lt;a href=&quot;https:\/\/alsterconcept.de\/metropolen-dialog\/?page_id=1351&quot; class=&quot;menu-link&quot;&gt;Datenschutzerkl\u00e4rung&lt;\/a&gt; dieser Seite (siehe unten) zu.\" required ><label class=\"wpforms-field-label-inline\" for=\"wpforms-434-field_6_1\">Ich stimme der <a href=\"https:\/\/alsterconcept.de\/metropolen-dialog\/?page_id=1351\" class=\"menu-link\">Datenschutzerkl\u00e4rung<\/a> dieser Seite (siehe unten) zu.<\/label><\/li><li class=\"choice-2 depth-1\"><input type=\"checkbox\" id=\"wpforms-434-field_6_2\" name=\"wpforms[fields][6][]\" value=\"Ich bin damit einverstanden, dass meine Daten zur Kontaktaufnahme genutzt werden.\" required ><label class=\"wpforms-field-label-inline\" for=\"wpforms-434-field_6_2\">Ich bin damit einverstanden, dass meine Daten zur Kontaktaufnahme genutzt werden.<\/label><\/li><\/ul><\/div><\/div><!-- .wpforms-field-container --><div class=\"wpforms-field wpforms-field-hp\"><label for=\"wpforms-434-field-hp\" class=\"wpforms-field-label\">Phone<\/label><input type=\"text\" name=\"wpforms[hp]\" id=\"wpforms-434-field-hp\" class=\"wpforms-field-medium\"><\/div><div class=\"wpforms-submit-container\" ><input type=\"hidden\" name=\"wpforms[id]\" value=\"434\"><input type=\"hidden\" name=\"page_title\" value=\"\"><input type=\"hidden\" name=\"page_url\" value=\"https:\/\/alsterconcept.de\/metropolen-dialog\/index.php?rest_route=\/wp\/v2\/pages\/15\"><input type=\"hidden\" name=\"url_referer\" value=\"\"><button type=\"submit\" name=\"wpforms[submit]\" id=\"wpforms-submit-434\" class=\"wpforms-submit\" data-alt-text=\"wird gesendet\" data-submit-text=\"senden\" aria-live=\"assertive\" value=\"wpforms-submit\">senden<\/button><\/div><\/form><\/div>  <!-- .wpforms-container -->\t<\/div>\n\t\t\t\t\t\t<\/div>\n\t\t\t\t<\/div>\n\t\t\t\t\t<\/div>\n\t\t<\/div>\n\t\t\t\t\t<\/div>\n\t\t<\/section>\n\t\t\t\t<\/div>\n\t\t","protected":false},"excerpt":{"rendered":"<p>&#8212; Kontakt Werden Sie Teil des Metropolen Dialogs Nehmen Sie Kontakt auf. Ich freue mich von Ihnen zu h\u00f6ren. Rainer M\u00f6llerALSTERCONCEPTEichelh\u00e4herkamp 5422397 Hamburg Telefon: +49 (0) 40 870 85E-Mail: info@alsterconcept.de<\/p>\n","protected":false},"author":1,"featured_media":0,"parent":0,"menu_order":0,"comment_status":"closed","ping_status":"closed","template":"","meta":{"site-sidebar-layout":"no-sidebar","site-content-layout":"page-builder","ast-main-header-display":"","ast-hfb-above-header-display":"disabled","ast-hfb-below-header-display":"disabled","ast-hfb-mobile-header-display":"","site-post-title":"disabled","ast-breadcrumbs-content":"disabled","ast-featured-img":"disabled","footer-sml-layout":"","theme-transparent-header-meta":"default","adv-header-id-meta":"","stick-header-meta":"","header-above-stick-meta":"","header-main-stick-meta":"","header-below-stick-meta":"","_vp_format_video_url":"","_vp_image_focal_point":[],"footnotes":""},"class_list":["post-15","page","type-page","status-publish","hentry"],"yoast_head":"<!-- This site is optimized with the Yoast SEO plugin v25.6 - https:\/\/yoast.com\/wordpress\/plugins\/seo\/ -->\n<title>Kontakt - Metropolen Dialog Hamburg<\/title>\n<meta name=\"robots\" content=\"index, follow, max-snippet:-1, max-image-preview:large, max-video-preview:-1\" \/>\n<link rel=\"canonical\" href=\"https:\/\/alsterconcept.de\/metropolen-dialog\/?page_id=15\" \/>\n<meta property=\"og:locale\" content=\"de_DE\" \/>\n<meta property=\"og:type\" content=\"article\" \/>\n<meta property=\"og:title\" content=\"Kontakt - Metropolen Dialog Hamburg\" \/>\n<meta property=\"og:description\" content=\"&#8212; Kontakt Werden Sie Teil des Metropolen Dialogs Nehmen Sie Kontakt auf. Ich freue mich von Ihnen zu h\u00f6ren. Rainer M\u00f6llerALSTERCONCEPTEichelh\u00e4herkamp 5422397 Hamburg Telefon: +49 (0) 40 870 85E-Mail: info@alsterconcept.de\" \/>\n<meta property=\"og:url\" content=\"https:\/\/alsterconcept.de\/metropolen-dialog\/?page_id=15\" \/>\n<meta property=\"og:site_name\" content=\"Metropolen Dialog Hamburg\" \/>\n<meta property=\"article:modified_time\" content=\"2026-04-14T08:41:24+00:00\" \/>\n<meta name=\"twitter:card\" content=\"summary_large_image\" \/>\n<meta name=\"twitter:label1\" content=\"Gesch\u00e4tzte Lesezeit\" \/>\n\t<meta name=\"twitter:data1\" content=\"1\u00a0Minute\" \/>\n<script type=\"application\/ld+json\" class=\"yoast-schema-graph\">{\"@context\":\"https:\/\/schema.org\",\"@graph\":[{\"@type\":\"WebPage\",\"@id\":\"https:\/\/alsterconcept.de\/metropolen-dialog\/?page_id=15\",\"url\":\"https:\/\/alsterconcept.de\/metropolen-dialog\/?page_id=15\",\"name\":\"Kontakt - Metropolen Dialog Hamburg\",\"isPartOf\":{\"@id\":\"https:\/\/alsterconcept.de\/metropolen-dialog\/#website\"},\"datePublished\":\"2018-10-04T07:26:23+00:00\",\"dateModified\":\"2026-04-14T08:41:24+00:00\",\"breadcrumb\":{\"@id\":\"https:\/\/alsterconcept.de\/metropolen-dialog\/?page_id=15#breadcrumb\"},\"inLanguage\":\"de\",\"potentialAction\":[{\"@type\":\"ReadAction\",\"target\":[\"https:\/\/alsterconcept.de\/metropolen-dialog\/?page_id=15\"]}]},{\"@type\":\"BreadcrumbList\",\"@id\":\"https:\/\/alsterconcept.de\/metropolen-dialog\/?page_id=15#breadcrumb\",\"itemListElement\":[{\"@type\":\"ListItem\",\"position\":1,\"name\":\"Startseite\",\"item\":\"https:\/\/alsterconcept.de\/metropolen-dialog\/\"},{\"@type\":\"ListItem\",\"position\":2,\"name\":\"Kontakt\"}]},{\"@type\":\"WebSite\",\"@id\":\"https:\/\/alsterconcept.de\/metropolen-dialog\/#website\",\"url\":\"https:\/\/alsterconcept.de\/metropolen-dialog\/\",\"name\":\"Metropolen Dialog Hamburg\",\"description\":\"Innovation. Zukunft. Netzwerk.\",\"publisher\":{\"@id\":\"https:\/\/alsterconcept.de\/metropolen-dialog\/#organization\"},\"potentialAction\":[{\"@type\":\"SearchAction\",\"target\":{\"@type\":\"EntryPoint\",\"urlTemplate\":\"https:\/\/alsterconcept.de\/metropolen-dialog\/?s={search_term_string}\"},\"query-input\":{\"@type\":\"PropertyValueSpecification\",\"valueRequired\":true,\"valueName\":\"search_term_string\"}}],\"inLanguage\":\"de\"},{\"@type\":\"Organization\",\"@id\":\"https:\/\/alsterconcept.de\/metropolen-dialog\/#organization\",\"name\":\"Metropolen Dialog Hamburg\",\"url\":\"https:\/\/alsterconcept.de\/metropolen-dialog\/\",\"logo\":{\"@type\":\"ImageObject\",\"inLanguage\":\"de\",\"@id\":\"https:\/\/alsterconcept.de\/metropolen-dialog\/#\/schema\/logo\/image\/\",\"url\":\"https:\/\/alsterconcept.de\/metropolen-dialog\/wp-content\/uploads\/2026\/04\/logo_metropolendialog.png\",\"contentUrl\":\"https:\/\/alsterconcept.de\/metropolen-dialog\/wp-content\/uploads\/2026\/04\/logo_metropolendialog.png\",\"width\":715,\"height\":359,\"caption\":\"Metropolen Dialog Hamburg\"},\"image\":{\"@id\":\"https:\/\/alsterconcept.de\/metropolen-dialog\/#\/schema\/logo\/image\/\"}}]}<\/script>\n<!-- \/ Yoast SEO plugin. -->","yoast_head_json":{"title":"Kontakt - Metropolen Dialog Hamburg","robots":{"index":"index","follow":"follow","max-snippet":"max-snippet:-1","max-image-preview":"max-image-preview:large","max-video-preview":"max-video-preview:-1"},"canonical":"https:\/\/alsterconcept.de\/metropolen-dialog\/?page_id=15","og_locale":"de_DE","og_type":"article","og_title":"Kontakt - Metropolen Dialog Hamburg","og_description":"&#8212; Kontakt Werden Sie Teil des Metropolen Dialogs Nehmen Sie Kontakt auf. Ich freue mich von Ihnen zu h\u00f6ren. Rainer M\u00f6llerALSTERCONCEPTEichelh\u00e4herkamp 5422397 Hamburg Telefon: +49 (0) 40 870 85E-Mail: info@alsterconcept.de","og_url":"https:\/\/alsterconcept.de\/metropolen-dialog\/?page_id=15","og_site_name":"Metropolen Dialog Hamburg","article_modified_time":"2026-04-14T08:41:24+00:00","twitter_card":"summary_large_image","twitter_misc":{"Gesch\u00e4tzte Lesezeit":"1\u00a0Minute"},"schema":{"@context":"https:\/\/schema.org","@graph":[{"@type":"WebPage","@id":"https:\/\/alsterconcept.de\/metropolen-dialog\/?page_id=15","url":"https:\/\/alsterconcept.de\/metropolen-dialog\/?page_id=15","name":"Kontakt - Metropolen Dialog Hamburg","isPartOf":{"@id":"https:\/\/alsterconcept.de\/metropolen-dialog\/#website"},"datePublished":"2018-10-04T07:26:23+00:00","dateModified":"2026-04-14T08:41:24+00:00","breadcrumb":{"@id":"https:\/\/alsterconcept.de\/metropolen-dialog\/?page_id=15#breadcrumb"},"inLanguage":"de","potentialAction":[{"@type":"ReadAction","target":["https:\/\/alsterconcept.de\/metropolen-dialog\/?page_id=15"]}]},{"@type":"BreadcrumbList","@id":"https:\/\/alsterconcept.de\/metropolen-dialog\/?page_id=15#breadcrumb","itemListElement":[{"@type":"ListItem","position":1,"name":"Startseite","item":"https:\/\/alsterconcept.de\/metropolen-dialog\/"},{"@type":"ListItem","position":2,"name":"Kontakt"}]},{"@type":"WebSite","@id":"https:\/\/alsterconcept.de\/metropolen-dialog\/#website","url":"https:\/\/alsterconcept.de\/metropolen-dialog\/","name":"Metropolen Dialog Hamburg","description":"Innovation. Zukunft. Netzwerk.","publisher":{"@id":"https:\/\/alsterconcept.de\/metropolen-dialog\/#organization"},"potentialAction":[{"@type":"SearchAction","target":{"@type":"EntryPoint","urlTemplate":"https:\/\/alsterconcept.de\/metropolen-dialog\/?s={search_term_string}"},"query-input":{"@type":"PropertyValueSpecification","valueRequired":true,"valueName":"search_term_string"}}],"inLanguage":"de"},{"@type":"Organization","@id":"https:\/\/alsterconcept.de\/metropolen-dialog\/#organization","name":"Metropolen Dialog Hamburg","url":"https:\/\/alsterconcept.de\/metropolen-dialog\/","logo":{"@type":"ImageObject","inLanguage":"de","@id":"https:\/\/alsterconcept.de\/metropolen-dialog\/#\/schema\/logo\/image\/","url":"https:\/\/alsterconcept.de\/metropolen-dialog\/wp-content\/uploads\/2026\/04\/logo_metropolendialog.png","contentUrl":"https:\/\/alsterconcept.de\/metropolen-dialog\/wp-content\/uploads\/2026\/04\/logo_metropolendialog.png","width":715,"height":359,"caption":"Metropolen Dialog Hamburg"},"image":{"@id":"https:\/\/alsterconcept.de\/metropolen-dialog\/#\/schema\/logo\/image\/"}}]}},"_links":{"self":[{"href":"https:\/\/alsterconcept.de\/metropolen-dialog\/index.php?rest_route=\/wp\/v2\/pages\/15","targetHints":{"allow":["GET"]}}],"collection":[{"href":"https:\/\/alsterconcept.de\/metropolen-dialog\/index.php?rest_route=\/wp\/v2\/pages"}],"about":[{"href":"https:\/\/alsterconcept.de\/metropolen-dialog\/index.php?rest_route=\/wp\/v2\/types\/page"}],"author":[{"embeddable":true,"href":"https:\/\/alsterconcept.de\/metropolen-dialog\/index.php?rest_route=\/wp\/v2\/users\/1"}],"replies":[{"embeddable":true,"href":"https:\/\/alsterconcept.de\/metropolen-dialog\/index.php?rest_route=%2Fwp%2Fv2%2Fcomments&post=15"}],"version-history":[{"count":46,"href":"https:\/\/alsterconcept.de\/metropolen-dialog\/index.php?rest_route=\/wp\/v2\/pages\/15\/revisions"}],"predecessor-version":[{"id":1874,"href":"https:\/\/alsterconcept.de\/metropolen-dialog\/index.php?rest_route=\/wp\/v2\/pages\/15\/revisions\/1874"}],"wp:attachment":[{"href":"https:\/\/alsterconcept.de\/metropolen-dialog\/index.php?rest_route=%2Fwp%2Fv2%2Fmedia&parent=15"}],"curies":[{"name":"wp","href":"https:\/\/api.w.org\/{rel}","templated":true}]}}