{"id":2021,"date":"2026-04-25T21:25:32","date_gmt":"2026-04-25T21:25:32","guid":{"rendered":"https:\/\/alsterconcept.de\/metropolen-dialog\/?page_id=2021"},"modified":"2026-04-25T21:34:59","modified_gmt":"2026-04-25T21:34:59","slug":"media","status":"publish","type":"page","link":"https:\/\/alsterconcept.de\/metropolen-dialog\/?page_id=2021","title":{"rendered":"Media"},"content":{"rendered":"\t\t<div data-elementor-type=\"wp-page\" data-elementor-id=\"2021\" class=\"elementor elementor-2021\">\n\t\t\t\t\t\t<section class=\"elementor-section elementor-top-section elementor-element elementor-element-27f2ef9 elementor-section-full_width elementor-section-height-min-height elementor-section-items-bottom elementor-section-height-default\" data-id=\"27f2ef9\" data-element_type=\"section\">\n\t\t\t\t\t\t<div class=\"elementor-container elementor-column-gap-default\">\n\t\t\t\t\t<div class=\"elementor-column elementor-col-100 elementor-top-column elementor-element elementor-element-b183e41\" data-id=\"b183e41\" data-element_type=\"column\">\n\t\t\t<div class=\"elementor-widget-wrap elementor-element-populated\">\n\t\t\t\t\t\t\t<\/div>\n\t\t<\/div>\n\t\t\t\t\t<\/div>\n\t\t<\/section>\n\t\t\t\t<section class=\"elementor-section elementor-top-section elementor-element elementor-element-2b953e0 elementor-section-boxed elementor-section-height-default elementor-section-height-default\" data-id=\"2b953e0\" data-element_type=\"section\" data-settings=\"{&quot;background_background&quot;:&quot;classic&quot;}\">\n\t\t\t\t\t\t\t<div class=\"elementor-background-overlay\"><\/div>\n\t\t\t\t\t\t\t<div class=\"elementor-container elementor-column-gap-default\">\n\t\t\t\t\t<div class=\"elementor-column elementor-col-100 elementor-top-column elementor-element elementor-element-ea714f1\" data-id=\"ea714f1\" data-element_type=\"column\" data-settings=\"{&quot;background_background&quot;:&quot;classic&quot;}\">\n\t\t\t<div class=\"elementor-widget-wrap elementor-element-populated\">\n\t\t\t\t\t\t<div class=\"elementor-element elementor-element-38cd65b elementor-widget__width-inherit elementor-widget elementor-widget-heading\" data-id=\"38cd65b\" data-element_type=\"widget\" data-widget_type=\"heading.default\">\n\t\t\t\t<div class=\"elementor-widget-container\">\n\t\t\t\t\t<h2 class=\"elementor-heading-title elementor-size-default\">Media<\/h2>\t\t\t\t<\/div>\n\t\t\t\t<\/div>\n\t\t\t\t<section class=\"elementor-section elementor-inner-section elementor-element elementor-element-46ad985 elementor-section-boxed elementor-section-height-default elementor-section-height-default\" data-id=\"46ad985\" data-element_type=\"section\">\n\t\t\t\t\t\t<div class=\"elementor-container elementor-column-gap-default\">\n\t\t\t\t\t<div class=\"elementor-column elementor-col-100 elementor-inner-column elementor-element elementor-element-7507e68\" data-id=\"7507e68\" data-element_type=\"column\">\n\t\t\t<div class=\"elementor-widget-wrap elementor-element-populated\">\n\t\t\t\t\t\t<div class=\"elementor-element elementor-element-46a86b6 elementor-widget elementor-widget-text-editor\" data-id=\"46a86b6\" data-element_type=\"widget\" data-widget_type=\"text-editor.default\">\n\t\t\t\t<div class=\"elementor-widget-container\">\n\t\t\t\t\t\t\t\t\t<p>Finden Sie nachfolgend eine Auswahl an Fotos, Videos und Berichterstattungen der vergangenen Veranstaltunge.<\/p>\t\t\t\t\t\t\t\t<\/div>\n\t\t\t\t<\/div>\n\t\t\t\t\t<\/div>\n\t\t<\/div>\n\t\t\t\t\t<\/div>\n\t\t<\/section>\n\t\t\t\t\t<\/div>\n\t\t<\/div>\n\t\t\t\t\t<\/div>\n\t\t<\/section>\n\t\t\t\t<section class=\"elementor-section elementor-top-section elementor-element elementor-element-c3d08a5 elementor-section-boxed elementor-section-height-default elementor-section-height-default\" data-id=\"c3d08a5\" data-element_type=\"section\" data-settings=\"{&quot;background_background&quot;:&quot;classic&quot;}\">\n\t\t\t\t\t\t<div class=\"elementor-container elementor-column-gap-default\">\n\t\t\t\t\t<div class=\"elementor-column elementor-col-100 elementor-top-column elementor-element elementor-element-17aa982\" data-id=\"17aa982\" data-element_type=\"column\" data-settings=\"{&quot;background_background&quot;:&quot;classic&quot;}\">\n\t\t\t<div class=\"elementor-widget-wrap elementor-element-populated\">\n\t\t\t\t\t\t<div class=\"elementor-element elementor-element-c4d5b89 elementor-widget elementor-widget-text-editor\" data-id=\"c4d5b89\" data-element_type=\"widget\" data-widget_type=\"text-editor.default\">\n\t\t\t\t<div class=\"elementor-widget-container\">\n\t\t\t\t\t\t\t\t\t<ul><li><span style=\"text-decoration: underline;\"><span style=\"color: #000000;\"><a style=\"color: #000000; text-decoration: underline;\" href=\"https:\/\/alsterconcept.de\/metropolen-dialog\/wp-content\/uploads\/2026\/04\/AC-WamS_25042026.pdf\">Welt am Sonntag Bericht &#8222;KI-Visionen&#8220;\u00a0<\/a><\/span><\/span><\/li><\/ul>\t\t\t\t\t\t\t\t<\/div>\n\t\t\t\t<\/div>\n\t\t\t\t\t<\/div>\n\t\t<\/div>\n\t\t\t\t\t<\/div>\n\t\t<\/section>\n\t\t\t\t<section class=\"elementor-section elementor-top-section elementor-element elementor-element-1526b25 elementor-section-boxed elementor-section-height-default elementor-section-height-default\" data-id=\"1526b25\" data-element_type=\"section\" data-settings=\"{&quot;background_background&quot;:&quot;classic&quot;}\">\n\t\t\t\t\t\t<div class=\"elementor-container elementor-column-gap-default\">\n\t\t\t\t\t<div class=\"elementor-column elementor-col-100 elementor-top-column elementor-element elementor-element-13b8626\" data-id=\"13b8626\" data-element_type=\"column\" data-settings=\"{&quot;background_background&quot;:&quot;classic&quot;}\">\n\t\t\t<div class=\"elementor-widget-wrap elementor-element-populated\">\n\t\t\t\t\t\t<div class=\"elementor-element elementor-element-c831451 elementor-widget elementor-widget-heading\" data-id=\"c831451\" data-element_type=\"widget\" data-widget_type=\"heading.default\">\n\t\t\t\t<div class=\"elementor-widget-container\">\n\t\t\t\t\t<h2 class=\"elementor-heading-title elementor-size-default\">SPEAKER UND THEMEN (2016 \u2013 2025) \u2013 AUSWAHL:\n<\/h2>\t\t\t\t<\/div>\n\t\t\t\t<\/div>\n\t\t\t\t\t<\/div>\n\t\t<\/div>\n\t\t\t\t\t<\/div>\n\t\t<\/section>\n\t\t\t\t<section class=\"elementor-section elementor-top-section elementor-element elementor-element-fc97262 elementor-section-boxed elementor-section-height-default elementor-section-height-default\" data-id=\"fc97262\" data-element_type=\"section\" data-settings=\"{&quot;background_background&quot;:&quot;classic&quot;}\">\n\t\t\t\t\t\t<div class=\"elementor-container elementor-column-gap-default\">\n\t\t\t\t\t<div class=\"elementor-column elementor-col-50 elementor-top-column elementor-element elementor-element-f77d2e1\" data-id=\"f77d2e1\" data-element_type=\"column\" data-settings=\"{&quot;background_background&quot;:&quot;classic&quot;}\">\n\t\t\t<div class=\"elementor-widget-wrap elementor-element-populated\">\n\t\t\t\t\t\t<div class=\"elementor-element elementor-element-55bbbf0 elementor-widget elementor-widget-text-editor\" data-id=\"55bbbf0\" data-element_type=\"widget\" data-widget_type=\"text-editor.default\">\n\t\t\t\t<div class=\"elementor-widget-container\">\n\t\t\t\t\t\t\t\t\t<ul><li>Ehem. Bundeskanzler zum transatlantischen <br \/>Verh\u00e4ltnis<\/li><li>Pr\u00e4sident der Bundesnetzagentur: Moderne <br \/>Infrastrukturen f\u00fcr Deutschland<\/li><li>White House Correspondent: US-Wahl und <br \/>deren Auswirkungen auf Europa\/Deutschland<\/li><li>Vorstand Axel Springer SE &amp; Accelerator: <br \/>Digitale Transformation<\/li><li>Erster B\u00fcrgermeister der Freien und Hanse-<br \/>stadt Hamburg und sein Berliner Amtskollege, <br \/>der Regierende B\u00fcrgermeister: Smart Cities, <br \/>Digitalisierung, Wirtschaftspolitik<\/li><li>Vize-Pr\u00e4sident der Europ\u00e4ischen Investitions-<br \/>bank im Gespr\u00e4ch mit dem Pr\u00e4sidenten eines <br \/>Klima\u00adfolgen-Forschungsinstituts: European Green <br \/>Deal und Sustainable Finance<\/li><li>Au\u00dfen- und Sicherheitspolitiker zur geopoliti-<br \/>schen Strategie in Europa\/Deutschland<\/li><li>Weltweit f\u00fchrender Neurochirurg und Bestseller-<br \/>Autor: \u201eAu\u00dfergew\u00f6hnliches am Gehirn und in <br \/>der Wirtschaft \u2013 in Kopfarbeit vereint?\u201c<\/li><\/ul>\t\t\t\t\t\t\t\t<\/div>\n\t\t\t\t<\/div>\n\t\t\t\t\t<\/div>\n\t\t<\/div>\n\t\t\t\t<div class=\"elementor-column elementor-col-50 elementor-top-column elementor-element elementor-element-ff79186\" data-id=\"ff79186\" data-element_type=\"column\" data-settings=\"{&quot;background_background&quot;:&quot;classic&quot;}\">\n\t\t\t<div class=\"elementor-widget-wrap elementor-element-populated\">\n\t\t\t\t\t\t<div class=\"elementor-element elementor-element-dfd08ec elementor-widget elementor-widget-text-editor\" data-id=\"dfd08ec\" data-element_type=\"widget\" data-widget_type=\"text-editor.default\">\n\t\t\t\t<div class=\"elementor-widget-container\">\n\t\t\t\t\t\t\t\t\t<ul><li>Weltweit renommierter Kunstmanager zur <br \/>gesellschaftlichen Bedeutung des Museums <br \/>der Zukunft<\/li><li>CEO Luftfahrtunternehmen zu Electric Urban Air <br \/>Mobility mit Bezug zu Olympischen Spielen <br \/>2024 in Paris<\/li><li>F\u00fchrende europ\u00e4ische KI-Expertin zu KI-<br \/>Perspektiven und -Chancen f\u00fcr Deutschland in <br \/>der Welt \/ Kooperation mit dem Global AI <br \/>Action Summit Paris 2025<\/li><li>Sportgipfel zu \u201eIntegrative Kraft des Sports\u201c, <br \/>Sportdiplomatie und Nation Branding und <br \/>Bezug zum FIFA World Cup 2026: mit DFB-<br \/>Gesch\u00e4ftsf\u00fchrer, Pr\u00e4sidenten und Vorst\u00e4nden <br \/>von Fu\u00dfball-Bundes\u00adligisten und Handelskammer<\/li><\/ul>\t\t\t\t\t\t\t\t<\/div>\n\t\t\t\t<\/div>\n\t\t\t\t\t<\/div>\n\t\t<\/div>\n\t\t\t\t\t<\/div>\n\t\t<\/section>\n\t\t\t\t<section class=\"elementor-section elementor-top-section elementor-element elementor-element-af2759f elementor-section-boxed elementor-section-height-default elementor-section-height-default\" data-id=\"af2759f\" data-element_type=\"section\" data-settings=\"{&quot;background_background&quot;:&quot;classic&quot;}\">\n\t\t\t\t\t\t<div class=\"elementor-container elementor-column-gap-default\">\n\t\t\t\t\t<div class=\"elementor-column elementor-col-100 elementor-top-column elementor-element elementor-element-e348bf9\" data-id=\"e348bf9\" data-element_type=\"column\">\n\t\t\t<div class=\"elementor-widget-wrap elementor-element-populated\">\n\t\t\t\t\t\t<div class=\"elementor-element elementor-element-252906e elementor-widget elementor-widget-heading\" data-id=\"252906e\" data-element_type=\"widget\" data-widget_type=\"heading.default\">\n\t\t\t\t<div class=\"elementor-widget-container\">\n\t\t\t\t\t<h2 class=\"elementor-heading-title elementor-size-default\">VERANSTALTER<\/h2>\t\t\t\t<\/div>\n\t\t\t\t<\/div>\n\t\t\t\t\t<\/div>\n\t\t<\/div>\n\t\t\t\t\t<\/div>\n\t\t<\/section>\n\t\t\t\t<section class=\"elementor-section elementor-top-section elementor-element elementor-element-79c693d elementor-section-boxed elementor-section-height-default elementor-section-height-default\" data-id=\"79c693d\" data-element_type=\"section\" data-settings=\"{&quot;background_background&quot;:&quot;classic&quot;}\">\n\t\t\t\t\t\t<div class=\"elementor-container elementor-column-gap-default\">\n\t\t\t\t\t<div class=\"elementor-column elementor-col-100 elementor-top-column elementor-element elementor-element-a70e706\" data-id=\"a70e706\" data-element_type=\"column\">\n\t\t\t<div class=\"elementor-widget-wrap elementor-element-populated\">\n\t\t\t\t\t\t<div class=\"elementor-element elementor-element-10e6a0a elementor-widget elementor-widget-image\" data-id=\"10e6a0a\" data-element_type=\"widget\" data-widget_type=\"image.default\">\n\t\t\t\t<div class=\"elementor-widget-container\">\n\t\t\t\t\t\t\t\t\t\t\t\t\t\t\t\t<a href=\"https:\/\/alsterconcept.de\/\">\n\t\t\t\t\t\t\t<img fetchpriority=\"high\" decoding=\"async\" width=\"1920\" height=\"625\" src=\"https:\/\/alsterconcept.de\/metropolen-dialog\/wp-content\/uploads\/2026\/04\/footeralsterconcept.jpg\" class=\"attachment-full size-full wp-image-1913\" alt=\"Alster Concepts Rainer M\u00f6ller\" srcset=\"https:\/\/alsterconcept.de\/metropolen-dialog\/wp-content\/uploads\/2026\/04\/footeralsterconcept.jpg 1920w, https:\/\/alsterconcept.de\/metropolen-dialog\/wp-content\/uploads\/2026\/04\/footeralsterconcept-300x98.jpg 300w, https:\/\/alsterconcept.de\/metropolen-dialog\/wp-content\/uploads\/2026\/04\/footeralsterconcept-1024x333.jpg 1024w, https:\/\/alsterconcept.de\/metropolen-dialog\/wp-content\/uploads\/2026\/04\/footeralsterconcept-768x250.jpg 768w, https:\/\/alsterconcept.de\/metropolen-dialog\/wp-content\/uploads\/2026\/04\/footeralsterconcept-1536x500.jpg 1536w, https:\/\/alsterconcept.de\/metropolen-dialog\/wp-content\/uploads\/2026\/04\/footeralsterconcept-500x163.jpg 500w, https:\/\/alsterconcept.de\/metropolen-dialog\/wp-content\/uploads\/2026\/04\/footeralsterconcept-800x260.jpg 800w, https:\/\/alsterconcept.de\/metropolen-dialog\/wp-content\/uploads\/2026\/04\/footeralsterconcept-1280x417.jpg 1280w\" sizes=\"(max-width: 1920px) 100vw, 1920px\" \/>\t\t\t\t\t\t\t\t<\/a>\n\t\t\t\t\t\t\t\t\t\t\t\t\t\t\t<\/div>\n\t\t\t\t<\/div>\n\t\t\t\t\t<\/div>\n\t\t<\/div>\n\t\t\t\t\t<\/div>\n\t\t<\/section>\n\t\t\t\t<section class=\"elementor-section elementor-top-section elementor-element elementor-element-c566c7f elementor-section-boxed elementor-section-height-default elementor-section-height-default\" data-id=\"c566c7f\" data-element_type=\"section\" data-settings=\"{&quot;background_background&quot;:&quot;classic&quot;}\">\n\t\t\t\t\t\t\t<div class=\"elementor-background-overlay\"><\/div>\n\t\t\t\t\t\t\t<div class=\"elementor-container elementor-column-gap-default\">\n\t\t\t\t\t<div class=\"elementor-column elementor-col-100 elementor-top-column elementor-element elementor-element-f882889\" data-id=\"f882889\" data-element_type=\"column\">\n\t\t\t<div class=\"elementor-widget-wrap elementor-element-populated\">\n\t\t\t\t\t\t<section class=\"elementor-section elementor-inner-section elementor-element elementor-element-2a6b90e elementor-section-boxed elementor-section-height-default elementor-section-height-default\" data-id=\"2a6b90e\" data-element_type=\"section\">\n\t\t\t\t\t\t<div class=\"elementor-container elementor-column-gap-default\">\n\t\t\t\t\t<div class=\"elementor-column elementor-col-50 elementor-inner-column elementor-element elementor-element-800b611\" data-id=\"800b611\" data-element_type=\"column\">\n\t\t\t<div class=\"elementor-widget-wrap elementor-element-populated\">\n\t\t\t\t\t\t<div class=\"elementor-element elementor-element-2cabb1b elementor-widget elementor-widget-heading\" data-id=\"2cabb1b\" data-element_type=\"widget\" data-widget_type=\"heading.default\">\n\t\t\t\t<div class=\"elementor-widget-container\">\n\t\t\t\t\t<h2 class=\"elementor-heading-title elementor-size-default\">Kontakt<\/h2>\t\t\t\t<\/div>\n\t\t\t\t<\/div>\n\t\t\t\t<div class=\"elementor-element elementor-element-5490141 elementor-widget elementor-widget-text-editor\" data-id=\"5490141\" data-element_type=\"widget\" data-widget_type=\"text-editor.default\">\n\t\t\t\t<div class=\"elementor-widget-container\">\n\t\t\t\t\t\t\t\t\t<p>Rainer M\u00f6ller<br>Metropolendialog<br>Telefon: +49(0)1622412912<br>Email: rm@alsterconcept.de<\/p>\t\t\t\t\t\t\t\t<\/div>\n\t\t\t\t<\/div>\n\t\t\t\t\t<\/div>\n\t\t<\/div>\n\t\t\t\t<div class=\"elementor-column elementor-col-50 elementor-inner-column elementor-element elementor-element-e2886eb\" data-id=\"e2886eb\" data-element_type=\"column\">\n\t\t\t<div class=\"elementor-widget-wrap\">\n\t\t\t\t\t\t\t<\/div>\n\t\t<\/div>\n\t\t\t\t\t<\/div>\n\t\t<\/section>\n\t\t\t\t\t<\/div>\n\t\t<\/div>\n\t\t\t\t\t<\/div>\n\t\t<\/section>\n\t\t\t\t<\/div>\n\t\t","protected":false},"excerpt":{"rendered":"<p>Media Finden Sie nachfolgend eine Auswahl an Fotos, Videos und Berichterstattungen der vergangenen Veranstaltunge. Welt am Sonntag Bericht &#8222;KI-Visionen&#8220;\u00a0 SPEAKER UND THEMEN (2016 \u2013 2025) \u2013 AUSWAHL: Ehem. Bundeskanzler zum transatlantischen Verh\u00e4ltnis Pr\u00e4sident der Bundesnetzagentur: Moderne Infrastrukturen f\u00fcr Deutschland White House Correspondent: US-Wahl und deren Auswirkungen auf Europa\/Deutschland Vorstand Axel Springer SE &amp; Accelerator: Digitale &hellip;<\/p>\n<p class=\"read-more\"> <a class=\"\" href=\"https:\/\/alsterconcept.de\/metropolen-dialog\/?page_id=2021\"> <span class=\"screen-reader-text\">Media<\/span> Weiterlesen &raquo;<\/a><\/p>\n","protected":false},"author":1,"featured_media":0,"parent":0,"menu_order":0,"comment_status":"closed","ping_status":"closed","template":"","meta":{"site-sidebar-layout":"no-sidebar","site-content-layout":"page-builder","ast-main-header-display":"","ast-hfb-above-header-display":"","ast-hfb-below-header-display":"","ast-hfb-mobile-header-display":"","site-post-title":"disabled","ast-breadcrumbs-content":"","ast-featured-img":"disabled","footer-sml-layout":"","theme-transparent-header-meta":"","adv-header-id-meta":"","stick-header-meta":"","header-above-stick-meta":"","header-main-stick-meta":"","header-below-stick-meta":"","_vp_format_video_url":"","_vp_image_focal_point":[],"footnotes":""},"class_list":["post-2021","page","type-page","status-publish","hentry"],"yoast_head":"<!-- This site is optimized with the Yoast SEO plugin v25.6 - https:\/\/yoast.com\/wordpress\/plugins\/seo\/ -->\n<title>Media - Metropolen Dialog Hamburg<\/title>\n<meta name=\"description\" content=\"Eissauna, Cryosauna Coolbodies Hamburg. Bringen Sie ihr Leben in die richtige Balance\" \/>\n<meta name=\"robots\" content=\"index, follow, max-snippet:-1, max-image-preview:large, max-video-preview:-1\" \/>\n<link rel=\"canonical\" href=\"https:\/\/alsterconcept.de\/metropolen-dialog\/?page_id=2021\" \/>\n<meta property=\"og:locale\" content=\"de_DE\" \/>\n<meta property=\"og:type\" content=\"article\" \/>\n<meta property=\"og:title\" content=\"Media - Metropolen Dialog Hamburg\" \/>\n<meta property=\"og:description\" content=\"Eissauna, Cryosauna Coolbodies Hamburg. Bringen Sie ihr Leben in die richtige Balance\" \/>\n<meta property=\"og:url\" content=\"https:\/\/alsterconcept.de\/metropolen-dialog\/?page_id=2021\" \/>\n<meta property=\"og:site_name\" content=\"Metropolen Dialog Hamburg\" \/>\n<meta property=\"article:modified_time\" content=\"2026-04-25T21:34:59+00:00\" \/>\n<meta property=\"og:image\" content=\"https:\/\/alsterconcept.de\/metropolen-dialog\/wp-content\/uploads\/2026\/04\/footeralsterconcept.jpg\" \/>\n\t<meta property=\"og:image:width\" content=\"1920\" \/>\n\t<meta property=\"og:image:height\" content=\"625\" \/>\n\t<meta property=\"og:image:type\" content=\"image\/jpeg\" \/>\n<meta name=\"twitter:card\" content=\"summary_large_image\" \/>\n<meta name=\"twitter:label1\" content=\"Gesch\u00e4tzte Lesezeit\" \/>\n\t<meta name=\"twitter:data1\" content=\"3\u00a0Minuten\" \/>\n<script type=\"application\/ld+json\" class=\"yoast-schema-graph\">{\"@context\":\"https:\/\/schema.org\",\"@graph\":[{\"@type\":\"WebPage\",\"@id\":\"https:\/\/alsterconcept.de\/metropolen-dialog\/?page_id=2021\",\"url\":\"https:\/\/alsterconcept.de\/metropolen-dialog\/?page_id=2021\",\"name\":\"Media - Metropolen Dialog Hamburg\",\"isPartOf\":{\"@id\":\"https:\/\/alsterconcept.de\/metropolen-dialog\/#website\"},\"primaryImageOfPage\":{\"@id\":\"https:\/\/alsterconcept.de\/metropolen-dialog\/?page_id=2021#primaryimage\"},\"image\":{\"@id\":\"https:\/\/alsterconcept.de\/metropolen-dialog\/?page_id=2021#primaryimage\"},\"thumbnailUrl\":\"https:\/\/alsterconcept.de\/metropolen-dialog\/wp-content\/uploads\/2026\/04\/footeralsterconcept.jpg\",\"datePublished\":\"2026-04-25T21:25:32+00:00\",\"dateModified\":\"2026-04-25T21:34:59+00:00\",\"description\":\"Eissauna, Cryosauna Coolbodies Hamburg. Bringen Sie ihr Leben in die richtige Balance\",\"breadcrumb\":{\"@id\":\"https:\/\/alsterconcept.de\/metropolen-dialog\/?page_id=2021#breadcrumb\"},\"inLanguage\":\"de\",\"potentialAction\":[{\"@type\":\"ReadAction\",\"target\":[\"https:\/\/alsterconcept.de\/metropolen-dialog\/?page_id=2021\"]}]},{\"@type\":\"ImageObject\",\"inLanguage\":\"de\",\"@id\":\"https:\/\/alsterconcept.de\/metropolen-dialog\/?page_id=2021#primaryimage\",\"url\":\"https:\/\/alsterconcept.de\/metropolen-dialog\/wp-content\/uploads\/2026\/04\/footeralsterconcept.jpg\",\"contentUrl\":\"https:\/\/alsterconcept.de\/metropolen-dialog\/wp-content\/uploads\/2026\/04\/footeralsterconcept.jpg\",\"width\":1920,\"height\":625,\"caption\":\"Alster Concepts Rainer M\u00f6ller\"},{\"@type\":\"BreadcrumbList\",\"@id\":\"https:\/\/alsterconcept.de\/metropolen-dialog\/?page_id=2021#breadcrumb\",\"itemListElement\":[{\"@type\":\"ListItem\",\"position\":1,\"name\":\"Startseite\",\"item\":\"https:\/\/alsterconcept.de\/metropolen-dialog\/\"},{\"@type\":\"ListItem\",\"position\":2,\"name\":\"Media\"}]},{\"@type\":\"WebSite\",\"@id\":\"https:\/\/alsterconcept.de\/metropolen-dialog\/#website\",\"url\":\"https:\/\/alsterconcept.de\/metropolen-dialog\/\",\"name\":\"Metropolen Dialog Hamburg\",\"description\":\"Innovation. Zukunft. Netzwerk.\",\"publisher\":{\"@id\":\"https:\/\/alsterconcept.de\/metropolen-dialog\/#organization\"},\"potentialAction\":[{\"@type\":\"SearchAction\",\"target\":{\"@type\":\"EntryPoint\",\"urlTemplate\":\"https:\/\/alsterconcept.de\/metropolen-dialog\/?s={search_term_string}\"},\"query-input\":{\"@type\":\"PropertyValueSpecification\",\"valueRequired\":true,\"valueName\":\"search_term_string\"}}],\"inLanguage\":\"de\"},{\"@type\":\"Organization\",\"@id\":\"https:\/\/alsterconcept.de\/metropolen-dialog\/#organization\",\"name\":\"Metropolen Dialog Hamburg\",\"url\":\"https:\/\/alsterconcept.de\/metropolen-dialog\/\",\"logo\":{\"@type\":\"ImageObject\",\"inLanguage\":\"de\",\"@id\":\"https:\/\/alsterconcept.de\/metropolen-dialog\/#\/schema\/logo\/image\/\",\"url\":\"https:\/\/alsterconcept.de\/metropolen-dialog\/wp-content\/uploads\/2026\/04\/logo_metropolendialog.png\",\"contentUrl\":\"https:\/\/alsterconcept.de\/metropolen-dialog\/wp-content\/uploads\/2026\/04\/logo_metropolendialog.png\",\"width\":715,\"height\":359,\"caption\":\"Metropolen Dialog Hamburg\"},\"image\":{\"@id\":\"https:\/\/alsterconcept.de\/metropolen-dialog\/#\/schema\/logo\/image\/\"}}]}<\/script>\n<!-- \/ Yoast SEO plugin. -->","yoast_head_json":{"title":"Media - Metropolen Dialog Hamburg","description":"Eissauna, Cryosauna Coolbodies Hamburg. Bringen Sie ihr Leben in die richtige Balance","robots":{"index":"index","follow":"follow","max-snippet":"max-snippet:-1","max-image-preview":"max-image-preview:large","max-video-preview":"max-video-preview:-1"},"canonical":"https:\/\/alsterconcept.de\/metropolen-dialog\/?page_id=2021","og_locale":"de_DE","og_type":"article","og_title":"Media - Metropolen Dialog Hamburg","og_description":"Eissauna, Cryosauna Coolbodies Hamburg. Bringen Sie ihr Leben in die richtige Balance","og_url":"https:\/\/alsterconcept.de\/metropolen-dialog\/?page_id=2021","og_site_name":"Metropolen Dialog Hamburg","article_modified_time":"2026-04-25T21:34:59+00:00","og_image":[{"width":1920,"height":625,"url":"https:\/\/alsterconcept.de\/metropolen-dialog\/wp-content\/uploads\/2026\/04\/footeralsterconcept.jpg","type":"image\/jpeg"}],"twitter_card":"summary_large_image","twitter_misc":{"Gesch\u00e4tzte Lesezeit":"3\u00a0Minuten"},"schema":{"@context":"https:\/\/schema.org","@graph":[{"@type":"WebPage","@id":"https:\/\/alsterconcept.de\/metropolen-dialog\/?page_id=2021","url":"https:\/\/alsterconcept.de\/metropolen-dialog\/?page_id=2021","name":"Media - Metropolen Dialog Hamburg","isPartOf":{"@id":"https:\/\/alsterconcept.de\/metropolen-dialog\/#website"},"primaryImageOfPage":{"@id":"https:\/\/alsterconcept.de\/metropolen-dialog\/?page_id=2021#primaryimage"},"image":{"@id":"https:\/\/alsterconcept.de\/metropolen-dialog\/?page_id=2021#primaryimage"},"thumbnailUrl":"https:\/\/alsterconcept.de\/metropolen-dialog\/wp-content\/uploads\/2026\/04\/footeralsterconcept.jpg","datePublished":"2026-04-25T21:25:32+00:00","dateModified":"2026-04-25T21:34:59+00:00","description":"Eissauna, Cryosauna Coolbodies Hamburg. Bringen Sie ihr Leben in die richtige Balance","breadcrumb":{"@id":"https:\/\/alsterconcept.de\/metropolen-dialog\/?page_id=2021#breadcrumb"},"inLanguage":"de","potentialAction":[{"@type":"ReadAction","target":["https:\/\/alsterconcept.de\/metropolen-dialog\/?page_id=2021"]}]},{"@type":"ImageObject","inLanguage":"de","@id":"https:\/\/alsterconcept.de\/metropolen-dialog\/?page_id=2021#primaryimage","url":"https:\/\/alsterconcept.de\/metropolen-dialog\/wp-content\/uploads\/2026\/04\/footeralsterconcept.jpg","contentUrl":"https:\/\/alsterconcept.de\/metropolen-dialog\/wp-content\/uploads\/2026\/04\/footeralsterconcept.jpg","width":1920,"height":625,"caption":"Alster Concepts Rainer M\u00f6ller"},{"@type":"BreadcrumbList","@id":"https:\/\/alsterconcept.de\/metropolen-dialog\/?page_id=2021#breadcrumb","itemListElement":[{"@type":"ListItem","position":1,"name":"Startseite","item":"https:\/\/alsterconcept.de\/metropolen-dialog\/"},{"@type":"ListItem","position":2,"name":"Media"}]},{"@type":"WebSite","@id":"https:\/\/alsterconcept.de\/metropolen-dialog\/#website","url":"https:\/\/alsterconcept.de\/metropolen-dialog\/","name":"Metropolen Dialog Hamburg","description":"Innovation. Zukunft. Netzwerk.","publisher":{"@id":"https:\/\/alsterconcept.de\/metropolen-dialog\/#organization"},"potentialAction":[{"@type":"SearchAction","target":{"@type":"EntryPoint","urlTemplate":"https:\/\/alsterconcept.de\/metropolen-dialog\/?s={search_term_string}"},"query-input":{"@type":"PropertyValueSpecification","valueRequired":true,"valueName":"search_term_string"}}],"inLanguage":"de"},{"@type":"Organization","@id":"https:\/\/alsterconcept.de\/metropolen-dialog\/#organization","name":"Metropolen Dialog Hamburg","url":"https:\/\/alsterconcept.de\/metropolen-dialog\/","logo":{"@type":"ImageObject","inLanguage":"de","@id":"https:\/\/alsterconcept.de\/metropolen-dialog\/#\/schema\/logo\/image\/","url":"https:\/\/alsterconcept.de\/metropolen-dialog\/wp-content\/uploads\/2026\/04\/logo_metropolendialog.png","contentUrl":"https:\/\/alsterconcept.de\/metropolen-dialog\/wp-content\/uploads\/2026\/04\/logo_metropolendialog.png","width":715,"height":359,"caption":"Metropolen Dialog Hamburg"},"image":{"@id":"https:\/\/alsterconcept.de\/metropolen-dialog\/#\/schema\/logo\/image\/"}}]}},"_links":{"self":[{"href":"https:\/\/alsterconcept.de\/metropolen-dialog\/index.php?rest_route=\/wp\/v2\/pages\/2021","targetHints":{"allow":["GET"]}}],"collection":[{"href":"https:\/\/alsterconcept.de\/metropolen-dialog\/index.php?rest_route=\/wp\/v2\/pages"}],"about":[{"href":"https:\/\/alsterconcept.de\/metropolen-dialog\/index.php?rest_route=\/wp\/v2\/types\/page"}],"author":[{"embeddable":true,"href":"https:\/\/alsterconcept.de\/metropolen-dialog\/index.php?rest_route=\/wp\/v2\/users\/1"}],"replies":[{"embeddable":true,"href":"https:\/\/alsterconcept.de\/metropolen-dialog\/index.php?rest_route=%2Fwp%2Fv2%2Fcomments&post=2021"}],"version-history":[{"count":7,"href":"https:\/\/alsterconcept.de\/metropolen-dialog\/index.php?rest_route=\/wp\/v2\/pages\/2021\/revisions"}],"predecessor-version":[{"id":2031,"href":"https:\/\/alsterconcept.de\/metropolen-dialog\/index.php?rest_route=\/wp\/v2\/pages\/2021\/revisions\/2031"}],"wp:attachment":[{"href":"https:\/\/alsterconcept.de\/metropolen-dialog\/index.php?rest_route=%2Fwp%2Fv2%2Fmedia&parent=2021"}],"curies":[{"name":"wp","href":"https:\/\/api.w.org\/{rel}","templated":true}]}}